7
Calculate the highest common divisor of 304 and 92528.
16
Calculate the greatest common factor of 273 and 580281.
39
What is the highest common factor of 459372 and 12?
12
What is the greatest common divisor of 12672 and 14880?
96
What is the greatest common factor of 259 and 298442?
37
What is the greatest common divisor of 55176 and 760?
152
Calculate the highest common factor of 1008 and 15939.
63
Calculate the greatest common divisor of 81833 and 1829.
59
Calculate the highest common factor of 232 and 197316.
116
Calculate the greatest common divisor of 1900665 and 513.
513
What is the highest common divisor of 172162 and 177?
59
What is the greatest common factor of 11034 and 99919?
613
What is the greatest common factor of 127120 and 40?
40
What is the highest common divisor of 836795 and 199?
199
What is the highest common divisor of 112 and 204190?
14
What is the greatest common factor of 660 and 132330?
330
What is the highest common factor of 695 and 2465165?
695
Calculate the greatest common divisor of 456 and 2052.
228
Calculate the greatest common divisor of 88 and 17336.
88
Calculate the greatest common divisor of 9 and 728.
1
What is the greatest common divisor of 4200112 and 48?
16
What is the greatest common divisor of 303 and 33633?
303
Calculate the greatest common divisor of 520 and 24570.
130
Calculate the greatest common divisor of 604 and 1286218.
302
What is the highest common factor of 3450 and 10005?
345
Calculate the highest common divisor of 335 and 23718.
67
Calculate the highest common factor of 7034 and 62.
2
Calculate the highest common divisor of 48 and 74512.
16
Calculate the highest common divisor of 5011383 and 741.
741
What is the highest common factor of 170860 and 10?
10
Calculate the highest common factor of 13 and 665262.
13
Calculate the greatest common factor of 3 and 8097.
3
What is the highest common divisor of 15 and 40000?
5
Calculate the highest common factor of 36 and 568.
4
Calculate the greatest common factor of 425148 and 499.
499
Calculate the greatest common divisor of 187974 and 378.
54
What is the greatest common factor of 40 and 352664?
8
Calculate the greatest common divisor of 361 and 2204.
19
What is the highest common divisor of 115 and 2277?
23
What is the highest common divisor of 4560 and 12198?
114
What is the greatest common factor of 440 and 207592?
88
What is the greatest common factor of 9785 and 189005?
515
What is the greatest common divisor of 832 and 5312?
64
Calculate the highest common divisor of 8160 and 12784.
272
What is the greatest common factor of 11 and 72523?
11
Calculate the highest common divisor of 50946 and 1610.
14
Calculate the greatest common divisor of 11414 and 104.
26
What is the highest common factor of 143640 and 1944?
216
What is the greatest common factor of 66171 and 32606?
959
What is the highest common factor of 155985 and 75?
15
What is the highest common factor of 1225 and 55321?
49
Calculate the highest common factor of 12621 and 7.
7
What is the highest common divisor of 339966 and 4862?
374
Calculate the highest common factor of 6937 and 21.
7
What is the greatest common factor of 4225432 and 542?
542
What is the highest common factor of 9812 and 8697?
223
Calculate the highest common divisor of 1555253 and 41.
41
What is the greatest common factor of 33333 and 3198?
123
What is the highest common factor of 777 and 13377?
21
What is the highest common divisor of 5042 and 12?
2
What is the greatest common divisor of 8199 and 12?
3
Calculate the highest common divisor of 217593 and 54.
27
What is the highest common divisor of 96 and 294288?
48
Calculate the highest common divisor of 1115625 and 135.
15
Calculate the greatest common divisor of 2306163 and 114.
57
What is the highest common factor of 7150 and 385?
55
Calculate the highest common divisor of 51220 and 1420.
20
What is the highest common divisor of 7355 and 75?
5
Calculate the highest common factor of 16770 and 5720.
130
What is the highest common divisor of 45 and 517005?
45
Calculate the greatest common factor of 18 and 1195242.
6
Calculate the highest common divisor of 46729 and 498.
83
What is the highest common factor of 122583 and 783?
87
What is the highest common divisor of 142 and 987539?
71
What is the highest common divisor of 4563 and 485706?
507
Calculate the greatest common divisor of 11 and 14069.
11
What is the highest common divisor of 40136 and 8758?
58
Calculate the highest common divisor of 137 and 264821.
137
What is the greatest common factor of 1097803 and 651?
217
What is the highest common divisor of 105 and 455595?
105
Calculate the greatest common divisor of 2075960 and 280.
40
What is the greatest common divisor of 630 and 141855?
105
Calculate the greatest common factor of 4 and 50428.
4
What is the highest common divisor of 22593 and 833?
17
What is the highest common divisor of 33614 and 5782?
98
What is the greatest common divisor of 75701 and 34?
17
Calculate the greatest common factor of 1054800 and 400.
400
What is the highest common factor of 1440 and 16480?
160
Calculate the greatest common factor of 1955832 and 1077.
1077
Calculate the highest common factor of 150 and 20.
10
Calculate the highest common divisor of 4608 and 467456.
512
What is the highest common divisor of 140184 and 675?
27
Calculate the greatest common factor of 13 and 188955.
13
Calculate the highest common factor of 109260 and 30.
30
Calculate the greatest common factor of 9096 and 100814.
758
What is the highest common divisor of 27195 and 433307?
1813
What is the greatest common divisor of 44694 and 49023?
117
What is the highest common divisor of 4048 and 457171?
253
Calculate the highest common divisor of 26 and 20462.
26
Calculate the highest common divisor of 25562 and 116.
2
What is the greatest common factor of 775 and 16833?
31
What is the highest common factor of 136 and 20689?
17
Calculate the highest common factor of 2970 and 1566.
54
What is the highest common divisor of 452 and 2450744?
452
Calculate the greatest common divisor of 525 and 2375.
25
What is the greatest common factor of 58500 and 87375?
375
What is the greatest common divisor of 10481 and 6467?
223
What is the highest common divisor of 402 and 3605538?
402
Calculate the greatest common divisor of 10856 and 2024.
184
What is the greatest common divisor of 1287 and 2154867?
429
What is the greatest common divisor of 13280 and 96?
32
Calculate the greatest common factor of 29160 and 71010.
270
Calculate the greatest common factor of 1449 and 9765.
63
Calculate the highest common divisor of 47750 and 630.
10
What is the greatest common divisor of 220 and 261756?
44
Calculate the greatest common divisor of 25746 and 84.
42
What is the greatest common divisor of 1078 and 6842?
22
What is the greatest common divisor of 126 and 75726?
126
Calculate the highest common factor of 87 and 3080351.
29
Calculate the greatest common divisor of 5 and 11921.
1
Calculate the greatest common factor of 4174307 and 1193.
1193
What is the greatest common factor of 82195 and 765?
85
What is the highest common divisor of 555 and 3102450?
555
Calculate the highest common factor of 147744 and 567.
81
Calculate the highest common divisor of 154 and 25146.
22
What is the greatest common factor of 169 and 92040?
13
What is the highest common factor of 45838 and 574?
82
Calculate the highest common factor of 555 and 10360.
185
Calculate the greatest common divisor of 30 and 60700.
10
Calculate the highest common factor of 571 and 14275.
571
Calculate the greatest common divisor of 378350 and 46.
46
What is the highest common divisor of 260 and 106340?
260
What is the greatest common factor of 932 and 43105?
233
Calculate the highest common divisor of 2261 and 91477.
17
Calculate the highest common factor of 404492 and 19140.
1276
What is the greatest common factor of 5268 and 36?
12
What is the highest common divisor of 2035 and 1430?
55
Calculate the greatest common divisor of 20050 and 450.
50
What is the highest common factor of 45812 and 92?
4
What is the greatest common factor of 195702 and 6?
6
What is the highest common factor of 20956 and 2171?
13
What is the highest common factor of 100 and 2238050?
50
Calcula